{"id":3012,"date":"2023-09-20T18:58:17","date_gmt":"2023-09-20T21:58:17","guid":{"rendered":"https:\/\/qiarg.org\/magazine\/?page_id=3012"},"modified":"2023-09-21T09:15:52","modified_gmt":"2023-09-21T12:15:52","slug":"equipo-11","status":"publish","type":"page","link":"https:\/\/qiarg.org\/magazine\/equipo-11\/","title":{"rendered":"Equipo"},"content":{"rendered":"<p>[vc_row][vc_column][vc_column_text]Directora\/<br \/>\n<strong>Karina L\u00f3pez<\/strong><\/p>\n<p>Colaboradores\/<br \/>\n<strong>Gabriela Ensinck<\/strong><br \/>\n<strong>Ximena Pascutti<br \/>\nFederico Kukso<br \/>\n<\/strong><strong>Sergio Elguez\u00e1bal <\/strong><br \/>\n<strong>Carlos Pagura<\/strong><\/p>\n<p>Tapa\/<br \/>\n<strong>Edgardo Gim\u00e9nez<\/strong><\/p>\n<p>Fotograf\u00eda\/<br \/>\n<strong>Claudia Miranda<\/strong><\/p>\n<p>Ilustraci\u00f3n<br \/>\n<strong>Pablo Bernasconi<\/strong><\/p>\n<p>Dise\u00f1o <b><br \/>\nAgostina C\u00e1ngaro<\/b><\/p>\n<p>Impresi\u00f3n\/<br \/>\n<strong>Arc\u00e1ngel Maggio<\/strong><\/p>\n<p>Contacto\/<strong><br \/>\n<a href=\"mailto:institucional@qiarg.org\">institucional@qiarg.org<\/a><br \/>\n11 5957 1321<br \/>\n<a href=\"https:\/\/www.qiarg.org.ar\" target=\"_blank\" rel=\"noopener\">www.qiarg.org<\/a><\/strong>[\/vc_column_text][\/vc_column][\/vc_row]<\/p>\n","protected":false},"excerpt":{"rendered":"<p>[vc_row][vc_column][vc_column_text]Directora\/ Karina L\u00f3pez Colaboradores\/ Gabriela Ensinck Ximena Pascutti Federico Kukso Sergio Elguez\u00e1bal Carlos Pagura Tapa\/ Edgardo Gim\u00e9nez Fotograf\u00eda\/ Claudia Miranda Ilustraci\u00f3n Pablo Bernasconi Dise\u00f1o Agostina C\u00e1ngaro Impresi\u00f3n\/ Arc\u00e1ngel Maggio Contacto\/ institucional@qiarg.org 11 5957 1321 www.qiarg.org[\/vc_column_text][\/vc_column][\/vc_row]<\/p>\n","protected":false},"author":3,"featured_media":0,"parent":0,"menu_order":0,"comment_status":"closed","ping_status":"closed","template":"","meta":[],"acf":[],"_links":{"self":[{"href":"https:\/\/qiarg.org\/magazine\/wp-json\/wp\/v2\/pages\/3012"}],"collection":[{"href":"https:\/\/qiarg.org\/magazine\/wp-json\/wp\/v2\/pages"}],"about":[{"href":"https:\/\/qiarg.org\/magazine\/wp-json\/wp\/v2\/types\/page"}],"author":[{"embeddable":true,"href":"https:\/\/qiarg.org\/magazine\/wp-json\/wp\/v2\/users\/3"}],"replies":[{"embeddable":true,"href":"https:\/\/qiarg.org\/magazine\/wp-json\/wp\/v2\/comments?post=3012"}],"version-history":[{"count":1,"href":"https:\/\/qiarg.org\/magazine\/wp-json\/wp\/v2\/pages\/3012\/revisions"}],"predecessor-version":[{"id":3013,"href":"https:\/\/qiarg.org\/magazine\/wp-json\/wp\/v2\/pages\/3012\/revisions\/3013"}],"wp:attachment":[{"href":"https:\/\/qiarg.org\/magazine\/wp-json\/wp\/v2\/media?parent=3012"}],"curies":[{"name":"wp","href":"https:\/\/api.w.org\/{rel}","templated":true}]}}